{"id":9253,"date":"2019-12-12T09:12:39","date_gmt":"2019-12-12T09:12:39","guid":{"rendered":"http:\/\/thermacote.eu\/case-study\/test-dimage-thermique-avec-thermacote-sur-la-maison-residentielle-56450\/"},"modified":"2019-12-12T09:12:39","modified_gmt":"2019-12-12T09:12:39","slug":"test-dimage-thermique-avec-thermacote-sur-la-maison-residentielle-56450","status":"publish","type":"case-study","link":"https:\/\/thermacote.eu\/fr\/case-study\/test-dimage-thermique-avec-thermacote-sur-la-maison-residentielle-56450\/","title":{"rendered":"Test d&rsquo;image thermique avec ThermaCote sur la maison r\u00e9sidentielle (56450)"},"template":"","application-type":[],"_edit_last":"","_edit_lock":"","_elementor_controls_usage":[],"wpcf-main-image":"http:\/\/thermacote.eu\/wp-content\/uploads\/2019\/11\/Rapport-Complet-ThermaCote-56XXX-P-web_Page_01_1540313355535-scaled.jpg","_views_template":"0","_wpml_word_count":"{\"total\":0,\"to_translate\":{\"da\":21,\"nl\":21,\"en\":21,\"fi\":21,\"fr\":21,\"de\":21,\"pl\":21,\"es\":21,\"sv\":21}}","wpcf-gallerie":"http:\/\/thermacote.eu\/wp-content\/uploads\/2019\/11\/Rapport-Complet-ThermaCote-56XXX-P-web_Page_08_1540313367717-scaled.jpg","_wpcf-gallerie-sort-order":"","_wpml_media_duplicate":"","_wpml_media_featured":"","_top_nav_excluded":"","_cms_nav_minihome":"","_alp_processed":"","_last_translation_edit_mode":"","yoast_head":"<!-- This site is optimized with the Yoast SEO plugin v15.9.1 - https:\/\/yoast.com\/wordpress\/plugins\/seo\/ -->\n<title>Test d&#039;image thermique avec ThermaCote sur la maison r\u00e9sidentielle (56450) | ThermaCote Europe<\/title>\n<link rel=\"canonical\" href=\"https:\/\/thermacote.eu\/fr\/case-study\/test-dimage-thermique-avec-thermacote-sur-la-maison-residentielle-56450\/\" \/>\n<meta property=\"og:locale\" content=\"fr_FR\" \/>\n<meta property=\"og:type\" content=\"article\" \/>\n<meta property=\"og:title\" content=\"Test d&#039;image thermique avec ThermaCote sur la maison r\u00e9sidentielle (56450) | ThermaCote Europe\" \/>\n<meta property=\"og:url\" content=\"https:\/\/thermacote.eu\/fr\/case-study\/test-dimage-thermique-avec-thermacote-sur-la-maison-residentielle-56450\/\" \/>\n<meta property=\"og:site_name\" content=\"ThermaCote Europe\" \/>\n<meta property=\"article:publisher\" content=\"https:\/\/www.facebook.com\/ThermaCote.Europe\/?ref=br_rs\" \/>\n<meta name=\"twitter:card\" content=\"summary_large_image\" \/>\n<meta name=\"twitter:site\" content=\"@thermacotefr\" \/>\n<script type=\"application\/ld+json\" class=\"yoast-schema-graph\">{\"@context\":\"https:\/\/schema.org\",\"@graph\":[{\"@type\":\"Organization\",\"@id\":\"https:\/\/thermacote.eu\/#organization\",\"name\":\"ThermaCote Europe\",\"url\":\"https:\/\/thermacote.eu\/\",\"sameAs\":[\"https:\/\/www.facebook.com\/ThermaCote.Europe\/?ref=br_rs\",\"https:\/\/www.linkedin.com\/company\/thermacote-europe\/\",\"https:\/\/twitter.com\/thermacotefr\"],\"logo\":{\"@type\":\"ImageObject\",\"@id\":\"https:\/\/thermacote.eu\/#logo\",\"inLanguage\":\"fr-FR\",\"url\":\"https:\/\/thermacote.eu\/wp-content\/uploads\/2019\/11\/logo-full.png\",\"width\":1535,\"height\":242,\"caption\":\"ThermaCote Europe\"},\"image\":{\"@id\":\"https:\/\/thermacote.eu\/#logo\"}},{\"@type\":\"WebSite\",\"@id\":\"https:\/\/thermacote.eu\/#website\",\"url\":\"https:\/\/thermacote.eu\/\",\"name\":\"ThermaCote Europe\",\"description\":\"ThermaCote Europe\",\"publisher\":{\"@id\":\"https:\/\/thermacote.eu\/#organization\"},\"potentialAction\":[{\"@type\":\"SearchAction\",\"target\":\"https:\/\/thermacote.eu\/?s={search_term_string}\",\"query-input\":\"required name=search_term_string\"}],\"inLanguage\":\"fr-FR\"},{\"@type\":\"WebPage\",\"@id\":\"https:\/\/thermacote.eu\/fr\/case-study\/test-dimage-thermique-avec-thermacote-sur-la-maison-residentielle-56450\/#webpage\",\"url\":\"https:\/\/thermacote.eu\/fr\/case-study\/test-dimage-thermique-avec-thermacote-sur-la-maison-residentielle-56450\/\",\"name\":\"Test d'image thermique avec ThermaCote sur la maison r\\u00e9sidentielle (56450) | ThermaCote Europe\",\"isPartOf\":{\"@id\":\"https:\/\/thermacote.eu\/#website\"},\"datePublished\":\"2019-12-12T09:12:39+00:00\",\"dateModified\":\"2019-12-12T09:12:39+00:00\",\"breadcrumb\":{\"@id\":\"https:\/\/thermacote.eu\/fr\/case-study\/test-dimage-thermique-avec-thermacote-sur-la-maison-residentielle-56450\/#breadcrumb\"},\"inLanguage\":\"fr-FR\",\"potentialAction\":[{\"@type\":\"ReadAction\",\"target\":[\"https:\/\/thermacote.eu\/fr\/case-study\/test-dimage-thermique-avec-thermacote-sur-la-maison-residentielle-56450\/\"]}]},{\"@type\":\"BreadcrumbList\",\"@id\":\"https:\/\/thermacote.eu\/fr\/case-study\/test-dimage-thermique-avec-thermacote-sur-la-maison-residentielle-56450\/#breadcrumb\",\"itemListElement\":[{\"@type\":\"ListItem\",\"position\":1,\"item\":{\"@type\":\"WebPage\",\"@id\":\"https:\/\/thermacote.eu\/fr\/\",\"url\":\"https:\/\/thermacote.eu\/fr\/\",\"name\":\"Home\"}},{\"@type\":\"ListItem\",\"position\":2,\"item\":{\"@type\":\"WebPage\",\"@id\":\"https:\/\/thermacote.eu\/fr\/case-study\/\",\"url\":\"https:\/\/thermacote.eu\/fr\/case-study\/\",\"name\":\"Case studies\"}},{\"@type\":\"ListItem\",\"position\":3,\"item\":{\"@type\":\"WebPage\",\"@id\":\"https:\/\/thermacote.eu\/fr\/case-study\/test-dimage-thermique-avec-thermacote-sur-la-maison-residentielle-56450\/\",\"url\":\"https:\/\/thermacote.eu\/fr\/case-study\/test-dimage-thermique-avec-thermacote-sur-la-maison-residentielle-56450\/\",\"name\":\"Test d&rsquo;image thermique avec ThermaCote sur la maison r\\u00e9sidentielle (56450)\"}}]}]}<\/script>\n<!-- \/ Yoast SEO plugin. -->","toolset-meta":{"case-studies-custom-fields":{"main-image":{"type":"image","raw":"http:\/\/thermacote.eu\/wp-content\/uploads\/2019\/11\/Rapport-Complet-ThermaCote-56XXX-P-web_Page_01_1540313355535-scaled.jpg","attachment_id":4455},"gallerie":{"type":"image","raw":["http:\/\/thermacote.eu\/wp-content\/uploads\/2019\/11\/Rapport-Complet-ThermaCote-56XXX-P-web_Page_08_1540313367717-scaled.jpg","http:\/\/thermacote.eu\/wp-content\/uploads\/2019\/11\/Rapport-Complet-ThermaCote-56XXX-P-web_Page_07_1540313361778-scaled.jpg","http:\/\/thermacote.eu\/wp-content\/uploads\/2019\/11\/Rapport-Complet-ThermaCote-56XXX-P-web_Page_01_1540313355535-scaled.jpg"],"repeatable":[{"raw":"http:\/\/thermacote.eu\/wp-content\/uploads\/2019\/11\/Rapport-Complet-ThermaCote-56XXX-P-web_Page_08_1540313367717-scaled.jpg","attachment_id":4436},{"raw":"http:\/\/thermacote.eu\/wp-content\/uploads\/2019\/11\/Rapport-Complet-ThermaCote-56XXX-P-web_Page_07_1540313361778-scaled.jpg","attachment_id":4445},{"raw":"http:\/\/thermacote.eu\/wp-content\/uploads\/2019\/11\/Rapport-Complet-ThermaCote-56XXX-P-web_Page_01_1540313355535-scaled.jpg","attachment_id":4455}]},"description":{"type":"wysiwyg","raw":"L'objectif de la thermographie est d'identifier les incoh\u00e9rences thermiques au sein d'un logement en mati\u00e8re d'isolement, et de la structure architecturale.\n\nLa pr\u00e9sente \u00e9tude vise \u00e0 comparer les caract\u00e9ristiques ext\u00e9rieures d'un b\u00e2timent avant et apr\u00e8s travaux.\n\nDescription d'une photographie infrarouge :\n\nSur visualiser les contrastes de couleurs qui correspondent \u00e0 des variations de temp\u00e9rature.\n\nAnalyse d'une vue int\u00e9rieure (par temps froid): plus la temp\u00e9rature de la paroi est basse et plus les pertes de chaleur sont importantes\n\nThermique d'un b\u00e2timent :\n\nCette technologie permet de d\u00e9tecter les d\u00e9fauts des b\u00e2timents (fuites, d\u00e9faut d'\u00e9tanch\u00e9it\u00e9 \u00e0 l'air), visualisation des pertes d'\u00e9nergies, traitement pr\u00e9coce de l'humidit\u00e9,...\n\n\u00a0\n\nDiffusivit\u00e9 (chaud\/froid): Les briques int\u00e9rieures de l'habitation ne sont plus distinguables au terme de l'application du produit\n\nPont thermique : Diminution des d\u00e9perditions calorifiques des ponts thermiques de refend et du plafonnier.\n\nLe pont thermique du plancher n'est pas trait\u00e9 en l'\u00e9tat.\n\nEtanch\u00e9it\u00e9 : La perte \u00e0 l'air et \u00e0 l'eau identifi\u00e9e au cours de l'intervention initiale n'est plus perceptible.\n\nIl n'est plus d\u00e9tect\u00e9 de perte d'\u00e9tanch\u00e9it\u00e9 au niveau de la cuisine comme de la salle d'eau"},"documentations":{"type":"file","raw":[],"repeatable":[]}}},"meta_box":[],"_links":{"self":[{"href":"https:\/\/thermacote.eu\/fr\/wp-json\/wp\/v2\/case-study\/9253"}],"collection":[{"href":"https:\/\/thermacote.eu\/fr\/wp-json\/wp\/v2\/case-study"}],"about":[{"href":"https:\/\/thermacote.eu\/fr\/wp-json\/wp\/v2\/types\/case-study"}],"wp:attachment":[{"href":"https:\/\/thermacote.eu\/fr\/wp-json\/wp\/v2\/media?parent=9253"}],"wp:term":[{"taxonomy":"application-type","embeddable":true,"href":"https:\/\/thermacote.eu\/fr\/wp-json\/wp\/v2\/application-type?post=9253"}],"curies":[{"name":"wp","href":"https:\/\/api.w.org\/{rel}","templated":true}]}}

Test d&rsquo;image thermique avec ThermaCote sur la maison résidentielle (56450)

<!-- This site is optimized with the Yoast SEO plugin v15.9.1 - https://yoast.com/wordpress/plugins/seo/ -->
<title>Test d&#039;image thermique avec ThermaCote sur la maison résidentielle (56450) | ThermaCote Europe</title>
<link rel="canonical" href="https://thermacote.eu/fr/case-study/test-dimage-thermique-avec-thermacote-sur-la-maison-residentielle-56450/" />
<meta property="og:locale" content="fr_FR" />
<meta property="og:type" content="article" />
<meta property="og:title" content="Test d&#039;image thermique avec ThermaCote sur la maison résidentielle (56450) | ThermaCote Europe" />
<meta property="og:url" content="https://thermacote.eu/fr/case-study/test-dimage-thermique-avec-thermacote-sur-la-maison-residentielle-56450/" />
<meta property="og:site_name" content="ThermaCote Europe" />
<meta property="article:publisher" content="https://www.facebook.com/ThermaCote.Europe/?ref=br_rs" />
<meta name="twitter:card" content="summary_large_image" />
<meta name="twitter:site" content="@thermacotefr" />
<script type="application/ld+json" class="yoast-schema-graph">{"@context":"https://schema.org","@graph":[{"@type":"Organization","@id":"https://thermacote.eu/#organization","name":"ThermaCote Europe","url":"https://thermacote.eu/","sameAs":["https://www.facebook.com/ThermaCote.Europe/?ref=br_rs","https://www.linkedin.com/company/thermacote-europe/","https://twitter.com/thermacotefr"],"logo":{"@type":"ImageObject","@id":"https://thermacote.eu/#logo","inLanguage":"fr-FR","url":"https://thermacote.eu/wp-content/uploads/2019/11/logo-full.png","width":1535,"height":242,"caption":"ThermaCote Europe"},"image":{"@id":"https://thermacote.eu/#logo"}},{"@type":"WebSite","@id":"https://thermacote.eu/#website","url":"https://thermacote.eu/","name":"ThermaCote Europe","description":"ThermaCote Europe","publisher":{"@id":"https://thermacote.eu/#organization"},"potentialAction":[{"@type":"SearchAction","target":"https://thermacote.eu/?s={search_term_string}","query-input":"required name=search_term_string"}],"inLanguage":"fr-FR"},{"@type":"WebPage","@id":"https://thermacote.eu/fr/case-study/test-dimage-thermique-avec-thermacote-sur-la-maison-residentielle-56450/#webpage","url":"https://thermacote.eu/fr/case-study/test-dimage-thermique-avec-thermacote-sur-la-maison-residentielle-56450/","name":"Test d'image thermique avec ThermaCote sur la maison r\u00e9sidentielle (56450) | ThermaCote Europe","isPartOf":{"@id":"https://thermacote.eu/#website"},"datePublished":"2019-12-12T09:12:39+00:00","dateModified":"2019-12-12T09:12:39+00:00","breadcrumb":{"@id":"https://thermacote.eu/fr/case-study/test-dimage-thermique-avec-thermacote-sur-la-maison-residentielle-56450/#breadcrumb"},"inLanguage":"fr-FR","potentialAction":[{"@type":"ReadAction","target":["https://thermacote.eu/fr/case-study/test-dimage-thermique-avec-thermacote-sur-la-maison-residentielle-56450/"]}]},{"@type":"BreadcrumbList","@id":"https://thermacote.eu/fr/case-study/test-dimage-thermique-avec-thermacote-sur-la-maison-residentielle-56450/#breadcrumb","itemListElement":[{"@type":"ListItem","position":1,"item":{"@type":"WebPage","@id":"https://thermacote.eu/fr/","url":"https://thermacote.eu/fr/","name":"Home"}},{"@type":"ListItem","position":2,"item":{"@type":"WebPage","@id":"https://thermacote.eu/fr/case-study/","url":"https://thermacote.eu/fr/case-study/","name":"Case studies"}},{"@type":"ListItem","position":3,"item":{"@type":"WebPage","@id":"https://thermacote.eu/fr/case-study/test-dimage-thermique-avec-thermacote-sur-la-maison-residentielle-56450/","url":"https://thermacote.eu/fr/case-study/test-dimage-thermique-avec-thermacote-sur-la-maison-residentielle-56450/","name":"Test d&rsquo;image thermique avec ThermaCote sur la maison r\u00e9sidentielle (56450)"}}]}]}</script>
<!-- / Yoast SEO plugin. -->

L'objectif de la thermographie est d'identifier les incohérences thermiques au sein d'un logement en matière d'isolement, et de la structure architecturale.

La présente étude vise à comparer les caractéristiques extérieures d'un bâtiment avant et après travaux.

Description d'une photographie infrarouge :

Sur visualiser les contrastes de couleurs qui correspondent à des variations de température.

Analyse d'une vue intérieure (par temps froid): plus la température de la paroi est basse et plus les pertes de chaleur sont importantes

Thermique d'un bâtiment :

Cette technologie permet de détecter les défauts des bâtiments (fuites, défaut d'étanchéité à l'air), visualisation des pertes d'énergies, traitement précoce de l'humidité,...

 

Diffusivité (chaud/froid): Les briques intérieures de l'habitation ne sont plus distinguables au terme de l'application du produit

Pont thermique : Diminution des déperditions calorifiques des ponts thermiques de refend et du plafonnier.

Le pont thermique du plancher n'est pas traité en l'état.

Etanchéité : La perte à l'air et à l'eau identifiée au cours de l'intervention initiale n'est plus perceptible.

Il n'est plus détecté de perte d'étanchéité au niveau de la cuisine comme de la salle d'eau
