{"id":8563,"date":"2019-12-12T09:02:24","date_gmt":"2019-12-12T09:02:24","guid":{"rendered":"http:\/\/thermacote.eu\/case-study\/essai-thermique-avant-et-apres-le-revetement-thermacote-sur-une-maison-dhabitation-56400\/"},"modified":"2019-12-12T09:02:24","modified_gmt":"2019-12-12T09:02:24","slug":"essai-thermique-avant-et-apres-le-revetement-thermacote-sur-une-maison-dhabitation-56400","status":"publish","type":"case-study","link":"https:\/\/thermacote.eu\/fr\/case-study\/essai-thermique-avant-et-apres-le-revetement-thermacote-sur-une-maison-dhabitation-56400\/","title":{"rendered":"Essai thermique avant et apr\u00e8s le rev\u00eatement ThermaCote sur une maison d&rsquo;habitation (56400)"},"template":"","application-type":[],"_edit_last":"","_edit_lock":"","_elementor_controls_usage":[],"wpcf-main-image":"http:\/\/thermacote.eu\/wp-content\/uploads\/2019\/11\/Rapport-Complet-ThermaCote-56xxx-C-Web_Page_01_1540313026195-1-scaled.jpg","_views_template":"0","_wpml_word_count":"{\"total\":0,\"to_translate\":{\"da\":27,\"nl\":27,\"en\":27,\"fi\":27,\"fr\":27,\"de\":27,\"pl\":27,\"es\":27,\"sv\":27}}","wpcf-gallerie":"http:\/\/thermacote.eu\/wp-content\/uploads\/2019\/11\/Rapport-Complet-ThermaCote-56xxx-LB-web_Page_08_1540313328398-1-scaled.jpg","_wpcf-gallerie-sort-order":"","_wpml_media_duplicate":"","_wpml_media_featured":"","_top_nav_excluded":"","_cms_nav_minihome":"","_alp_processed":"","_last_translation_edit_mode":"","yoast_head":"<!-- This site is optimized with the Yoast SEO plugin v15.9.1 - https:\/\/yoast.com\/wordpress\/plugins\/seo\/ -->\n<title>Essai thermique avant et apr\u00e8s le rev\u00eatement ThermaCote sur une maison d&#039;habitation (56400) | ThermaCote Europe<\/title>\n<link rel=\"canonical\" href=\"https:\/\/thermacote.eu\/fr\/case-study\/essai-thermique-avant-et-apres-le-revetement-thermacote-sur-une-maison-dhabitation-56400\/\" \/>\n<meta property=\"og:locale\" content=\"fr_FR\" \/>\n<meta property=\"og:type\" content=\"article\" \/>\n<meta property=\"og:title\" content=\"Essai thermique avant et apr\u00e8s le rev\u00eatement ThermaCote sur une maison d&#039;habitation (56400) | ThermaCote Europe\" \/>\n<meta property=\"og:url\" content=\"https:\/\/thermacote.eu\/fr\/case-study\/essai-thermique-avant-et-apres-le-revetement-thermacote-sur-une-maison-dhabitation-56400\/\" \/>\n<meta property=\"og:site_name\" content=\"ThermaCote Europe\" \/>\n<meta property=\"article:publisher\" content=\"https:\/\/www.facebook.com\/ThermaCote.Europe\/?ref=br_rs\" \/>\n<meta name=\"twitter:card\" content=\"summary_large_image\" \/>\n<meta name=\"twitter:site\" content=\"@thermacotefr\" \/>\n<script type=\"application\/ld+json\" class=\"yoast-schema-graph\">{\"@context\":\"https:\/\/schema.org\",\"@graph\":[{\"@type\":\"Organization\",\"@id\":\"https:\/\/thermacote.eu\/#organization\",\"name\":\"ThermaCote Europe\",\"url\":\"https:\/\/thermacote.eu\/\",\"sameAs\":[\"https:\/\/www.facebook.com\/ThermaCote.Europe\/?ref=br_rs\",\"https:\/\/www.linkedin.com\/company\/thermacote-europe\/\",\"https:\/\/twitter.com\/thermacotefr\"],\"logo\":{\"@type\":\"ImageObject\",\"@id\":\"https:\/\/thermacote.eu\/#logo\",\"inLanguage\":\"fr-FR\",\"url\":\"https:\/\/thermacote.eu\/wp-content\/uploads\/2019\/11\/logo-full.png\",\"width\":1535,\"height\":242,\"caption\":\"ThermaCote Europe\"},\"image\":{\"@id\":\"https:\/\/thermacote.eu\/#logo\"}},{\"@type\":\"WebSite\",\"@id\":\"https:\/\/thermacote.eu\/#website\",\"url\":\"https:\/\/thermacote.eu\/\",\"name\":\"ThermaCote Europe\",\"description\":\"ThermaCote Europe\",\"publisher\":{\"@id\":\"https:\/\/thermacote.eu\/#organization\"},\"potentialAction\":[{\"@type\":\"SearchAction\",\"target\":\"https:\/\/thermacote.eu\/?s={search_term_string}\",\"query-input\":\"required name=search_term_string\"}],\"inLanguage\":\"fr-FR\"},{\"@type\":\"WebPage\",\"@id\":\"https:\/\/thermacote.eu\/fr\/case-study\/essai-thermique-avant-et-apres-le-revetement-thermacote-sur-une-maison-dhabitation-56400\/#webpage\",\"url\":\"https:\/\/thermacote.eu\/fr\/case-study\/essai-thermique-avant-et-apres-le-revetement-thermacote-sur-une-maison-dhabitation-56400\/\",\"name\":\"Essai thermique avant et apr\\u00e8s le rev\\u00eatement ThermaCote sur une maison d'habitation (56400) | ThermaCote Europe\",\"isPartOf\":{\"@id\":\"https:\/\/thermacote.eu\/#website\"},\"datePublished\":\"2019-12-12T09:02:24+00:00\",\"dateModified\":\"2019-12-12T09:02:24+00:00\",\"breadcrumb\":{\"@id\":\"https:\/\/thermacote.eu\/fr\/case-study\/essai-thermique-avant-et-apres-le-revetement-thermacote-sur-une-maison-dhabitation-56400\/#breadcrumb\"},\"inLanguage\":\"fr-FR\",\"potentialAction\":[{\"@type\":\"ReadAction\",\"target\":[\"https:\/\/thermacote.eu\/fr\/case-study\/essai-thermique-avant-et-apres-le-revetement-thermacote-sur-une-maison-dhabitation-56400\/\"]}]},{\"@type\":\"BreadcrumbList\",\"@id\":\"https:\/\/thermacote.eu\/fr\/case-study\/essai-thermique-avant-et-apres-le-revetement-thermacote-sur-une-maison-dhabitation-56400\/#breadcrumb\",\"itemListElement\":[{\"@type\":\"ListItem\",\"position\":1,\"item\":{\"@type\":\"WebPage\",\"@id\":\"https:\/\/thermacote.eu\/fr\/\",\"url\":\"https:\/\/thermacote.eu\/fr\/\",\"name\":\"Home\"}},{\"@type\":\"ListItem\",\"position\":2,\"item\":{\"@type\":\"WebPage\",\"@id\":\"https:\/\/thermacote.eu\/fr\/case-study\/\",\"url\":\"https:\/\/thermacote.eu\/fr\/case-study\/\",\"name\":\"Case studies\"}},{\"@type\":\"ListItem\",\"position\":3,\"item\":{\"@type\":\"WebPage\",\"@id\":\"https:\/\/thermacote.eu\/fr\/case-study\/essai-thermique-avant-et-apres-le-revetement-thermacote-sur-une-maison-dhabitation-56400\/\",\"url\":\"https:\/\/thermacote.eu\/fr\/case-study\/essai-thermique-avant-et-apres-le-revetement-thermacote-sur-une-maison-dhabitation-56400\/\",\"name\":\"Essai thermique avant et apr\\u00e8s le rev\\u00eatement ThermaCote sur une maison d&rsquo;habitation (56400)\"}}]}]}<\/script>\n<!-- \/ Yoast SEO plugin. -->","toolset-meta":{"case-studies-custom-fields":{"main-image":{"type":"image","raw":"http:\/\/thermacote.eu\/wp-content\/uploads\/2019\/11\/Rapport-Complet-ThermaCote-56xxx-C-Web_Page_01_1540313026195-1-scaled.jpg","attachment_id":4426},"gallerie":{"type":"image","raw":["http:\/\/thermacote.eu\/wp-content\/uploads\/2019\/11\/Rapport-Complet-ThermaCote-56xxx-LB-web_Page_08_1540313328398-1-scaled.jpg","http:\/\/thermacote.eu\/wp-content\/uploads\/2019\/11\/Rapport-Complet-ThermaCote-56xxx-LB-web_Page_07_1540313322723-1-scaled.jpg","http:\/\/thermacote.eu\/wp-content\/uploads\/2019\/11\/Rapport-Complet-ThermaCote-56xxx-C-Web_Page_01_1540313026195-1-scaled.jpg"],"repeatable":[{"raw":"http:\/\/thermacote.eu\/wp-content\/uploads\/2019\/11\/Rapport-Complet-ThermaCote-56xxx-LB-web_Page_08_1540313328398-1-scaled.jpg","attachment_id":4408},{"raw":"http:\/\/thermacote.eu\/wp-content\/uploads\/2019\/11\/Rapport-Complet-ThermaCote-56xxx-LB-web_Page_07_1540313322723-1-scaled.jpg","attachment_id":4417},{"raw":"http:\/\/thermacote.eu\/wp-content\/uploads\/2019\/11\/Rapport-Complet-ThermaCote-56xxx-C-Web_Page_01_1540313026195-1-scaled.jpg","attachment_id":4426}]},"description":{"type":"wysiwyg","raw":"Description d'une photographie infrarouge :\n\nSur visualiser les contrastes de couleurs qui correspondent \u00e0 des variations de temp\u00e9rature.\n\nAnalyse d'une vue int\u00e9rieure (par temps froid) : plus la temp\u00e9rature de la paroi est basse et plus les pertes de chaleur sont importantes.\n\nCette technologie permet de d\u00e9tecter les d\u00e9fauts des b\u00e2timents (fuites, d\u00e9faut d'\u00e9tanch\u00e9it\u00e9 \u00e0\n\nl'air), visualisation des pertes d'\u00e9nergies, traitement pr\u00e9coce de l'humidit\u00e9,...\n\nLes ponts thermiques des murs de refends et du plancher interm\u00e9diaire se sont nettement r\u00e9sorb\u00e9s.\n\nLe briquetage int\u00e9rieur n'est plus perceptible en l'\u00e9tat des travaux que ce soit au niveau du rez de chauss\u00e9e que de l'\u00e9tage.\n\nLes murs pr\u00e9sentent une diffusivit\u00e9 par rapport \u00e0 l'intervention initiale"},"documentations":{"type":"file","raw":[],"repeatable":[]}}},"meta_box":[],"_links":{"self":[{"href":"https:\/\/thermacote.eu\/fr\/wp-json\/wp\/v2\/case-study\/8563"}],"collection":[{"href":"https:\/\/thermacote.eu\/fr\/wp-json\/wp\/v2\/case-study"}],"about":[{"href":"https:\/\/thermacote.eu\/fr\/wp-json\/wp\/v2\/types\/case-study"}],"wp:attachment":[{"href":"https:\/\/thermacote.eu\/fr\/wp-json\/wp\/v2\/media?parent=8563"}],"wp:term":[{"taxonomy":"application-type","embeddable":true,"href":"https:\/\/thermacote.eu\/fr\/wp-json\/wp\/v2\/application-type?post=8563"}],"curies":[{"name":"wp","href":"https:\/\/api.w.org\/{rel}","templated":true}]}}

Essai thermique avant et après le revêtement ThermaCote sur une maison d&rsquo;habitation (56400)

<!-- This site is optimized with the Yoast SEO plugin v15.9.1 - https://yoast.com/wordpress/plugins/seo/ -->
<title>Essai thermique avant et après le revêtement ThermaCote sur une maison d&#039;habitation (56400) | ThermaCote Europe</title>
<link rel="canonical" href="https://thermacote.eu/fr/case-study/essai-thermique-avant-et-apres-le-revetement-thermacote-sur-une-maison-dhabitation-56400/" />
<meta property="og:locale" content="fr_FR" />
<meta property="og:type" content="article" />
<meta property="og:title" content="Essai thermique avant et après le revêtement ThermaCote sur une maison d&#039;habitation (56400) | ThermaCote Europe" />
<meta property="og:url" content="https://thermacote.eu/fr/case-study/essai-thermique-avant-et-apres-le-revetement-thermacote-sur-une-maison-dhabitation-56400/" />
<meta property="og:site_name" content="ThermaCote Europe" />
<meta property="article:publisher" content="https://www.facebook.com/ThermaCote.Europe/?ref=br_rs" />
<meta name="twitter:card" content="summary_large_image" />
<meta name="twitter:site" content="@thermacotefr" />
<script type="application/ld+json" class="yoast-schema-graph">{"@context":"https://schema.org","@graph":[{"@type":"Organization","@id":"https://thermacote.eu/#organization","name":"ThermaCote Europe","url":"https://thermacote.eu/","sameAs":["https://www.facebook.com/ThermaCote.Europe/?ref=br_rs","https://www.linkedin.com/company/thermacote-europe/","https://twitter.com/thermacotefr"],"logo":{"@type":"ImageObject","@id":"https://thermacote.eu/#logo","inLanguage":"fr-FR","url":"https://thermacote.eu/wp-content/uploads/2019/11/logo-full.png","width":1535,"height":242,"caption":"ThermaCote Europe"},"image":{"@id":"https://thermacote.eu/#logo"}},{"@type":"WebSite","@id":"https://thermacote.eu/#website","url":"https://thermacote.eu/","name":"ThermaCote Europe","description":"ThermaCote Europe","publisher":{"@id":"https://thermacote.eu/#organization"},"potentialAction":[{"@type":"SearchAction","target":"https://thermacote.eu/?s={search_term_string}","query-input":"required name=search_term_string"}],"inLanguage":"fr-FR"},{"@type":"WebPage","@id":"https://thermacote.eu/fr/case-study/essai-thermique-avant-et-apres-le-revetement-thermacote-sur-une-maison-dhabitation-56400/#webpage","url":"https://thermacote.eu/fr/case-study/essai-thermique-avant-et-apres-le-revetement-thermacote-sur-une-maison-dhabitation-56400/","name":"Essai thermique avant et apr\u00e8s le rev\u00eatement ThermaCote sur une maison d'habitation (56400) | ThermaCote Europe","isPartOf":{"@id":"https://thermacote.eu/#website"},"datePublished":"2019-12-12T09:02:24+00:00","dateModified":"2019-12-12T09:02:24+00:00","breadcrumb":{"@id":"https://thermacote.eu/fr/case-study/essai-thermique-avant-et-apres-le-revetement-thermacote-sur-une-maison-dhabitation-56400/#breadcrumb"},"inLanguage":"fr-FR","potentialAction":[{"@type":"ReadAction","target":["https://thermacote.eu/fr/case-study/essai-thermique-avant-et-apres-le-revetement-thermacote-sur-une-maison-dhabitation-56400/"]}]},{"@type":"BreadcrumbList","@id":"https://thermacote.eu/fr/case-study/essai-thermique-avant-et-apres-le-revetement-thermacote-sur-une-maison-dhabitation-56400/#breadcrumb","itemListElement":[{"@type":"ListItem","position":1,"item":{"@type":"WebPage","@id":"https://thermacote.eu/fr/","url":"https://thermacote.eu/fr/","name":"Home"}},{"@type":"ListItem","position":2,"item":{"@type":"WebPage","@id":"https://thermacote.eu/fr/case-study/","url":"https://thermacote.eu/fr/case-study/","name":"Case studies"}},{"@type":"ListItem","position":3,"item":{"@type":"WebPage","@id":"https://thermacote.eu/fr/case-study/essai-thermique-avant-et-apres-le-revetement-thermacote-sur-une-maison-dhabitation-56400/","url":"https://thermacote.eu/fr/case-study/essai-thermique-avant-et-apres-le-revetement-thermacote-sur-une-maison-dhabitation-56400/","name":"Essai thermique avant et apr\u00e8s le rev\u00eatement ThermaCote sur une maison d&rsquo;habitation (56400)"}}]}]}</script>
<!-- / Yoast SEO plugin. -->

Description d'une photographie infrarouge :

Sur visualiser les contrastes de couleurs qui correspondent à des variations de température.

Analyse d'une vue intérieure (par temps froid) : plus la température de la paroi est basse et plus les pertes de chaleur sont importantes.

Cette technologie permet de détecter les défauts des bâtiments (fuites, défaut d'étanchéité à

l'air), visualisation des pertes d'énergies, traitement précoce de l'humidité,...

Les ponts thermiques des murs de refends et du plancher intermédiaire se sont nettement résorbés.

Le briquetage intérieur n'est plus perceptible en l'état des travaux que ce soit au niveau du rez de chaussée que de l'étage.

Les murs présentent une diffusivité par rapport à l'intervention initiale
