{"id":9252,"date":"2019-12-12T09:12:38","date_gmt":"2019-12-12T09:12:38","guid":{"rendered":"http:\/\/thermacote.eu\/case-study\/termisk-test-foer-og-efter-thermacote-belaegning-paa-et-beboelses-hus-56400\/"},"modified":"2019-12-12T09:12:38","modified_gmt":"2019-12-12T09:12:38","slug":"termisk-test-foer-og-efter-thermacote-belaegning-paa-et-beboelses-hus-56400","status":"publish","type":"case-study","link":"https:\/\/thermacote.eu\/da\/case-study\/termisk-test-foer-og-efter-thermacote-belaegning-paa-et-beboelses-hus-56400\/","title":{"rendered":"Termisk test f\u00f8r og efter ThermaCote bel\u00e6gning p\u00e5 et beboelses hus (56400)"},"template":"","application-type":[],"_edit_last":"","_edit_lock":"","_elementor_controls_usage":[],"wpcf-main-image":"http:\/\/thermacote.eu\/wp-content\/uploads\/2019\/11\/Rapport-Complet-ThermaCote-56xxx-C-Web_Page_01_1540313026195-1-scaled.jpg","_views_template":"0","_wpml_word_count":"{\"total\":0,\"to_translate\":{\"da\":24,\"nl\":24,\"en\":24,\"fi\":24,\"fr\":24,\"de\":24,\"pl\":24,\"es\":24,\"sv\":24}}","wpcf-gallerie":"http:\/\/thermacote.eu\/wp-content\/uploads\/2019\/11\/Rapport-Complet-ThermaCote-56xxx-LB-web_Page_08_1540313328398-1-scaled.jpg","_wpcf-gallerie-sort-order":"","_wpml_media_duplicate":"","_wpml_media_featured":"","_top_nav_excluded":"","_cms_nav_minihome":"","_alp_processed":"","_last_translation_edit_mode":"","yoast_head":"<!-- This site is optimized with the Yoast SEO plugin v15.9.1 - https:\/\/yoast.com\/wordpress\/plugins\/seo\/ -->\n<title>Termisk test f\u00f8r og efter ThermaCote bel\u00e6gning p\u00e5 et beboelses hus (56400) | ThermaCote Europe<\/title>\n<link rel=\"canonical\" href=\"https:\/\/thermacote.eu\/da\/case-study\/termisk-test-foer-og-efter-thermacote-belaegning-paa-et-beboelses-hus-56400\/\" \/>\n<meta property=\"og:locale\" content=\"da_DK\" \/>\n<meta property=\"og:type\" content=\"article\" \/>\n<meta property=\"og:title\" content=\"Termisk test f\u00f8r og efter ThermaCote bel\u00e6gning p\u00e5 et beboelses hus (56400) | ThermaCote Europe\" \/>\n<meta property=\"og:url\" content=\"https:\/\/thermacote.eu\/da\/case-study\/termisk-test-foer-og-efter-thermacote-belaegning-paa-et-beboelses-hus-56400\/\" \/>\n<meta property=\"og:site_name\" content=\"ThermaCote Europe\" \/>\n<meta property=\"article:publisher\" content=\"https:\/\/www.facebook.com\/ThermaCote.Europe\/?ref=br_rs\" \/>\n<meta name=\"twitter:card\" content=\"summary_large_image\" \/>\n<meta name=\"twitter:site\" content=\"@thermacotefr\" \/>\n<script type=\"application\/ld+json\" class=\"yoast-schema-graph\">{\"@context\":\"https:\/\/schema.org\",\"@graph\":[{\"@type\":\"Organization\",\"@id\":\"https:\/\/thermacote.eu\/#organization\",\"name\":\"ThermaCote Europe\",\"url\":\"https:\/\/thermacote.eu\/\",\"sameAs\":[\"https:\/\/www.facebook.com\/ThermaCote.Europe\/?ref=br_rs\",\"https:\/\/www.linkedin.com\/company\/thermacote-europe\/\",\"https:\/\/twitter.com\/thermacotefr\"],\"logo\":{\"@type\":\"ImageObject\",\"@id\":\"https:\/\/thermacote.eu\/#logo\",\"inLanguage\":\"da-DK\",\"url\":\"https:\/\/thermacote.eu\/wp-content\/uploads\/2019\/11\/logo-full.png\",\"width\":1535,\"height\":242,\"caption\":\"ThermaCote Europe\"},\"image\":{\"@id\":\"https:\/\/thermacote.eu\/#logo\"}},{\"@type\":\"WebSite\",\"@id\":\"https:\/\/thermacote.eu\/#website\",\"url\":\"https:\/\/thermacote.eu\/\",\"name\":\"ThermaCote Europe\",\"description\":\"ThermaCote Europe\",\"publisher\":{\"@id\":\"https:\/\/thermacote.eu\/#organization\"},\"potentialAction\":[{\"@type\":\"SearchAction\",\"target\":\"https:\/\/thermacote.eu\/?s={search_term_string}\",\"query-input\":\"required name=search_term_string\"}],\"inLanguage\":\"da-DK\"},{\"@type\":\"WebPage\",\"@id\":\"https:\/\/thermacote.eu\/da\/case-study\/termisk-test-foer-og-efter-thermacote-belaegning-paa-et-beboelses-hus-56400\/#webpage\",\"url\":\"https:\/\/thermacote.eu\/da\/case-study\/termisk-test-foer-og-efter-thermacote-belaegning-paa-et-beboelses-hus-56400\/\",\"name\":\"Termisk test f\\u00f8r og efter ThermaCote bel\\u00e6gning p\\u00e5 et beboelses hus (56400) | ThermaCote Europe\",\"isPartOf\":{\"@id\":\"https:\/\/thermacote.eu\/#website\"},\"datePublished\":\"2019-12-12T09:12:38+00:00\",\"dateModified\":\"2019-12-12T09:12:38+00:00\",\"breadcrumb\":{\"@id\":\"https:\/\/thermacote.eu\/da\/case-study\/termisk-test-foer-og-efter-thermacote-belaegning-paa-et-beboelses-hus-56400\/#breadcrumb\"},\"inLanguage\":\"da-DK\",\"potentialAction\":[{\"@type\":\"ReadAction\",\"target\":[\"https:\/\/thermacote.eu\/da\/case-study\/termisk-test-foer-og-efter-thermacote-belaegning-paa-et-beboelses-hus-56400\/\"]}]},{\"@type\":\"BreadcrumbList\",\"@id\":\"https:\/\/thermacote.eu\/da\/case-study\/termisk-test-foer-og-efter-thermacote-belaegning-paa-et-beboelses-hus-56400\/#breadcrumb\",\"itemListElement\":[{\"@type\":\"ListItem\",\"position\":1,\"item\":{\"@type\":\"WebPage\",\"@id\":\"https:\/\/thermacote.eu\/da\/\",\"url\":\"https:\/\/thermacote.eu\/da\/\",\"name\":\"Home\"}},{\"@type\":\"ListItem\",\"position\":2,\"item\":{\"@type\":\"WebPage\",\"@id\":\"https:\/\/thermacote.eu\/da\/case-study\/\",\"url\":\"https:\/\/thermacote.eu\/da\/case-study\/\",\"name\":\"Case studies\"}},{\"@type\":\"ListItem\",\"position\":3,\"item\":{\"@type\":\"WebPage\",\"@id\":\"https:\/\/thermacote.eu\/da\/case-study\/termisk-test-foer-og-efter-thermacote-belaegning-paa-et-beboelses-hus-56400\/\",\"url\":\"https:\/\/thermacote.eu\/da\/case-study\/termisk-test-foer-og-efter-thermacote-belaegning-paa-et-beboelses-hus-56400\/\",\"name\":\"Termisk test f\\u00f8r og efter ThermaCote bel\\u00e6gning p\\u00e5 et beboelses hus (56400)\"}}]}]}<\/script>\n<!-- \/ Yoast SEO plugin. -->","toolset-meta":{"case-studies-custom-fields":{"main-image":{"type":"image","raw":"http:\/\/thermacote.eu\/wp-content\/uploads\/2019\/11\/Rapport-Complet-ThermaCote-56xxx-C-Web_Page_01_1540313026195-1-scaled.jpg","attachment_id":4426},"gallerie":{"type":"image","raw":["http:\/\/thermacote.eu\/wp-content\/uploads\/2019\/11\/Rapport-Complet-ThermaCote-56xxx-LB-web_Page_08_1540313328398-1-scaled.jpg","http:\/\/thermacote.eu\/wp-content\/uploads\/2019\/11\/Rapport-Complet-ThermaCote-56xxx-LB-web_Page_07_1540313322723-1-scaled.jpg","http:\/\/thermacote.eu\/wp-content\/uploads\/2019\/11\/Rapport-Complet-ThermaCote-56xxx-C-Web_Page_01_1540313026195-1-scaled.jpg"],"repeatable":[{"raw":"http:\/\/thermacote.eu\/wp-content\/uploads\/2019\/11\/Rapport-Complet-ThermaCote-56xxx-LB-web_Page_08_1540313328398-1-scaled.jpg","attachment_id":4408},{"raw":"http:\/\/thermacote.eu\/wp-content\/uploads\/2019\/11\/Rapport-Complet-ThermaCote-56xxx-LB-web_Page_07_1540313322723-1-scaled.jpg","attachment_id":4417},{"raw":"http:\/\/thermacote.eu\/wp-content\/uploads\/2019\/11\/Rapport-Complet-ThermaCote-56xxx-C-Web_Page_01_1540313026195-1-scaled.jpg","attachment_id":4426}]},"description":{"type":"wysiwyg","raw":"Beskrivelse d'une Photographie infrarouge:\n\nP\u00e5 visualisering Les contrastes de Couleurs Qui korrespondent \u00e0 des varianterne de temp\u00e9rature.\n\nAnalys\u00e9r d'une Vue int\u00e9rieure (par temps froid): plus La temp\u00e9rature de la paroi Est Basse et plus Les Pertes de chaleur sont importantes.\n\nCette Technologie Permet de d\u00e9tecter Les d\u00e9fauts des b\u00e2timents (fuites, d\u00e9faut d'\u00e9tanch\u00e9it\u00e9 \u00e0\n\nL'air), visualisering des Pertes d'\u00e9nergies, traitement hvilket de l'fugt\u00e9,...\n\nLes Ponts thermiques des Murs de refends et du plancher interm\u00e9diaire Se sont nettement r\u00e9sorb\u00e9s.\n\nLe briquetage Int\u00e9rieur n'est plus m\u00e6rkbar en l'\u00e9tat des travaux que CE soit AU niveau du Rez de Chauss\u00e9e que de l'\u00e9tage.\n\nLes Murs pr\u00e9sentent Une diffusivit\u00e9 am\u00e9lior\u00e9 par rapport \u00e0 l'intervention DF"},"documentations":{"type":"file","raw":[],"repeatable":[]}}},"meta_box":[],"_links":{"self":[{"href":"https:\/\/thermacote.eu\/da\/wp-json\/wp\/v2\/case-study\/9252"}],"collection":[{"href":"https:\/\/thermacote.eu\/da\/wp-json\/wp\/v2\/case-study"}],"about":[{"href":"https:\/\/thermacote.eu\/da\/wp-json\/wp\/v2\/types\/case-study"}],"wp:attachment":[{"href":"https:\/\/thermacote.eu\/da\/wp-json\/wp\/v2\/media?parent=9252"}],"wp:term":[{"taxonomy":"application-type","embeddable":true,"href":"https:\/\/thermacote.eu\/da\/wp-json\/wp\/v2\/application-type?post=9252"}],"curies":[{"name":"wp","href":"https:\/\/api.w.org\/{rel}","templated":true}]}}

Termisk test før og efter ThermaCote belægning på et beboelses hus (56400)

<!-- This site is optimized with the Yoast SEO plugin v15.9.1 - https://yoast.com/wordpress/plugins/seo/ -->
<title>Termisk test før og efter ThermaCote belægning på et beboelses hus (56400) | ThermaCote Europe</title>
<link rel="canonical" href="https://thermacote.eu/da/case-study/termisk-test-foer-og-efter-thermacote-belaegning-paa-et-beboelses-hus-56400/" />
<meta property="og:locale" content="da_DK" />
<meta property="og:type" content="article" />
<meta property="og:title" content="Termisk test før og efter ThermaCote belægning på et beboelses hus (56400) | ThermaCote Europe" />
<meta property="og:url" content="https://thermacote.eu/da/case-study/termisk-test-foer-og-efter-thermacote-belaegning-paa-et-beboelses-hus-56400/" />
<meta property="og:site_name" content="ThermaCote Europe" />
<meta property="article:publisher" content="https://www.facebook.com/ThermaCote.Europe/?ref=br_rs" />
<meta name="twitter:card" content="summary_large_image" />
<meta name="twitter:site" content="@thermacotefr" />
<script type="application/ld+json" class="yoast-schema-graph">{"@context":"https://schema.org","@graph":[{"@type":"Organization","@id":"https://thermacote.eu/#organization","name":"ThermaCote Europe","url":"https://thermacote.eu/","sameAs":["https://www.facebook.com/ThermaCote.Europe/?ref=br_rs","https://www.linkedin.com/company/thermacote-europe/","https://twitter.com/thermacotefr"],"logo":{"@type":"ImageObject","@id":"https://thermacote.eu/#logo","inLanguage":"da-DK","url":"https://thermacote.eu/wp-content/uploads/2019/11/logo-full.png","width":1535,"height":242,"caption":"ThermaCote Europe"},"image":{"@id":"https://thermacote.eu/#logo"}},{"@type":"WebSite","@id":"https://thermacote.eu/#website","url":"https://thermacote.eu/","name":"ThermaCote Europe","description":"ThermaCote Europe","publisher":{"@id":"https://thermacote.eu/#organization"},"potentialAction":[{"@type":"SearchAction","target":"https://thermacote.eu/?s={search_term_string}","query-input":"required name=search_term_string"}],"inLanguage":"da-DK"},{"@type":"WebPage","@id":"https://thermacote.eu/da/case-study/termisk-test-foer-og-efter-thermacote-belaegning-paa-et-beboelses-hus-56400/#webpage","url":"https://thermacote.eu/da/case-study/termisk-test-foer-og-efter-thermacote-belaegning-paa-et-beboelses-hus-56400/","name":"Termisk test f\u00f8r og efter ThermaCote bel\u00e6gning p\u00e5 et beboelses hus (56400) | ThermaCote Europe","isPartOf":{"@id":"https://thermacote.eu/#website"},"datePublished":"2019-12-12T09:12:38+00:00","dateModified":"2019-12-12T09:12:38+00:00","breadcrumb":{"@id":"https://thermacote.eu/da/case-study/termisk-test-foer-og-efter-thermacote-belaegning-paa-et-beboelses-hus-56400/#breadcrumb"},"inLanguage":"da-DK","potentialAction":[{"@type":"ReadAction","target":["https://thermacote.eu/da/case-study/termisk-test-foer-og-efter-thermacote-belaegning-paa-et-beboelses-hus-56400/"]}]},{"@type":"BreadcrumbList","@id":"https://thermacote.eu/da/case-study/termisk-test-foer-og-efter-thermacote-belaegning-paa-et-beboelses-hus-56400/#breadcrumb","itemListElement":[{"@type":"ListItem","position":1,"item":{"@type":"WebPage","@id":"https://thermacote.eu/da/","url":"https://thermacote.eu/da/","name":"Home"}},{"@type":"ListItem","position":2,"item":{"@type":"WebPage","@id":"https://thermacote.eu/da/case-study/","url":"https://thermacote.eu/da/case-study/","name":"Case studies"}},{"@type":"ListItem","position":3,"item":{"@type":"WebPage","@id":"https://thermacote.eu/da/case-study/termisk-test-foer-og-efter-thermacote-belaegning-paa-et-beboelses-hus-56400/","url":"https://thermacote.eu/da/case-study/termisk-test-foer-og-efter-thermacote-belaegning-paa-et-beboelses-hus-56400/","name":"Termisk test f\u00f8r og efter ThermaCote bel\u00e6gning p\u00e5 et beboelses hus (56400)"}}]}]}</script>
<!-- / Yoast SEO plugin. -->

Beskrivelse d'une Photographie infrarouge:

På visualisering Les contrastes de Couleurs Qui korrespondent à des varianterne de température.

Analysér d'une Vue intérieure (par temps froid): plus La température de la paroi Est Basse et plus Les Pertes de chaleur sont importantes.

Cette Technologie Permet de détecter Les défauts des bâtiments (fuites, défaut d'étanchéité à

L'air), visualisering des Pertes d'énergies, traitement hvilket de l'fugté,...

Les Ponts thermiques des Murs de refends et du plancher intermédiaire Se sont nettement résorbés.

Le briquetage Intérieur n'est plus mærkbar en l'état des travaux que CE soit AU niveau du Rez de Chaussée que de l'étage.

Les Murs présentent Une diffusivité amélioré par rapport à l'intervention DF
